at is -1010111100111101100011001 + -11?
-1010111100111101100011100
In base 7, what is 604650 - -6406?
614356
In base 15, what is -19a + 17cd07?
17cb5c
In base 8, what is 37 - -337301?
337340
In base 16, what is 0 + -c25545?
-c25545
In base 2, what is 11001110011 + 100000001010110011001?
100000001110000001100
In base 9, what is 2 + 7581043?
7581045
In base 14, what is -c8d2 + 1b9b?
-ab35
In base 8, what is -46465667 - 5?
-46465674
In base 6, what is -1015425105 - 3?
-1015425112
In base 8, what is 13437631 + 0?
13437631
In base 9, what is -142851 - -540?
-142311
In base 14, what is -120 + -759a?
-76ba
In base 6, what is 1105535501 + 5?
1105535510
In base 3, what is 1010 + -11001222012112?
-11001222011102
In base 13, what is -9993b19 + 0?
-9993b19
In base 14, what is 134 + -2a73?
-293d
In base 12, what is 11bb8 - 1189b?
319
In base 16, what is 255a229 - 4?
255a225
In base 11, what is -6a896 - -1203?
-69693
In base 5, what is -22022 + 4424401?
4402324
In base 12, what is -2 + 423867?
423865
In base 13, what is -4c18 - -b353?
6438
In base 4, what is 20021122330310 - -11?
20021122330321
In base 3, what is 1022121000120 - 0?
1022121000120
In base 7, what is 322401 + -103653?
215415
In base 16, what is -d801bd7 - 0?
-d801bd7
In base 9, what is 3665684358 - -5?
3665684364
In base 10, what is -33 - 279541?
-279574
In base 8, what is -224122 + 1267?
-222633
In base 11, what is -6a31a + 107?
-6a213
In base 16, what is 1 - -8bd0b3?
8bd0b4
In base 2, what is -111101100 - -11111010011110100?
11111001100001000
In base 5, what is -10 - 12414310400?
-12414310410
In base 16, what is 8e9 - 61918?
-6102f
In base 4, what is -23203130 + 1210121?
-21333003
In base 10, what is 105355821 - -3?
105355824
In base 11, what is -7 + 26697a?
266973
In base 7, what is -3 - -161540663?
161540660
In base 2, what is -100 - 101010110101010100101?
-101010110101010101001
In base 13, what is 2549b4 - 6?
2549ab
In base 10, what is 52 + 1010831?
1010883
In base 12, what is -19 - 2b7577b?
-2b75798
In base 16, what is 28801 - -259?
28a5a
In base 6, what is 0 - -123155030?
123155030
In base 11, what is 407919a8 - 0?
407919a8
In base 3, what is -10 - 111010112011?
-111010112021
In base 15, what is 15ac9dae + 0?
15ac9dae
In base 7, what is -4511612 + 164?
-4511415
In base 5, what is -222241 - -131343?
-40343
In base 14, what is -1bb62 + 82?
-1bac0
In base 7, what is -430512055 - -5?
-430512050
In base 10, what is -107647095 - 4?
-107647099
In base 14, what is -dc60 + -647?
-104a7
In base 2, what is 10111011001100001011 - -1111010?
10111011001110000101
In base 9, what is -45 - 5407006?
-5407052
In base 13, what is 4c - 33810?
-33791
In base 3, what is 2212111222 + 120100212?
10102212211
In base 12, what is -19bb + -281b8?
-29bb7
In base 15, what is -7c + -1a7103?
-1a7180
In base 11, what is 23 + -15283?
-15260
In base 16, what is -32e38d + 5?
-32e388
In base 10, what is -5 - -1056205?
1056200
In base 12, what is -10 + 1008552?
1008542
In base 14, what is -6a474 + -3a?
-6a4b0
In base 15, what is -45135 + 170?
-44eb5
In base 16, what is -7 + -347d?
-3484
In base 9, what is 584346 + 516?
584863
In base 8, what is 173333 + 12374?
205727
In base 15, what is 442d + -10b?
4322
In base 10, what is 7 - -1549436?
1549443
In base 15, what is 1e48279 - -2?
1e4827b
In base 14, what is -d33 + 4652?
371d
In base 14, what is -2 + 1398ba9?
1398ba7
In base 13, what is 1 - -367c24?
367c25
In base 13, what is -4580 - -334?
-4249
In base 13, what is 82 - -2a102?
2a184
In base 6, what is -203340 + 234234?
30454
In base 2, what is 101010101011001000100010 - 1010?
101010101011001000011000
In base 8, what is -1533263 + 47?
-1533214
In base 6, what is 252143440 + 11?
252143451
In base 10, what is 10155 - 23219?
-13064
In base 8, what is -4411 - -155362?
150751
In base 16, what is 63ce0b + 9?
63ce14
In base 9, what is -82 - 2487655?
-2487747
In base 14, what is -1639 - -48789?
47150
In base 9, what is -2564876 - -5?
-2564871
In base 6, what is 443334 - -10424?
454202
In base 6, what is 401451541 - -3?
401451544
In base 13, what is 314a8c7 + 5?
314a8cc
In base 11, what is 24903756 + -3?
24903753
In base 11, what is -2654 - -83870?
81217
In base 12, what is -94a + 301a96?
301148
In base 13, what is -4b7 + 4b4a4?
4acba
In base 16, what is -8a1 - 501?
-da2
In base 16, what is 64ce - -1333?
7801
In base 8, what is -2703714 + 2?
-2703712
In base 5, what is 330031 - 22113?
302413
In base 12, what is 2 - -16173859?
1617385b
In base 13, what is 170b1190 + 5?
170b1195
In base 9, what is 2 - -74131215?
74131217
In base 12, what is -7500 + 4728?
-2994
In base 4, what is -1122010 + -1010200?
-2132210
In base 6, what is 1541303 + -330?
1540533
In base 9, what is -1100182 - 314?
-1100506
In base 9, what is -7800 + -7743?
-16643
In base 12, what is -12087 - -86a4?
-55a3
In base 14, what is -5 + b2cd7a?
b2cd75
In base 11, what is 1939 - 3124?
-1296
In base 8, what is -202113 - 2566?
-204701
In base 2, what is 100111100010011011010 - -11?
100111100010011011101
In base 15, what is 58adb4d + 2?
58adb50
In base 4, what is 20 - 2233033000103?
-2233033000023
In base 6, what is 4035 - 11445?
-3410
In base 12, what is 2a8 + -183b5?
-18109
In base 4, what is -13213131 - 1330333?
-21210130
In base 8, what is -3650045574 - 3?
-3650045577
In base 9, what is 101753037 - -4?
101753042
In base 10, what is -424432 - 14?
-424446
In base 8, what is 625 - 1163462?
-1162635
In base 9, what is -23147307 - -2?
-23147305
In base 11, what is -1129 + a23?
-206
In base 4, what is 10222312321 + -10?
10222312311
In base 15, what is 4ebe + -1441?
3a7d
In base 7, what is -1 + -1433063263?
-1433063264
In base 14, what is 215 + -230d8?
-22cc3
In base 2, what is 110111110100 - -10111100?
111010110000
In base 9, what is -22271 + -260?
-22541
In base 16, what is a + 3269b?
326a5
In base 11, what is 132 + -52770?
-52639
In base 13, what is a - -1566b0?
1566ba
In base 3, what is 1102 - 2200210112112?
-2200210111010
In base 3, what is -10 - -1211000212111021?
1211000212111011
In base 5, what is 4 - 10432332334?
-10432332330
In base 2, what is 10110000110110000010 - -10000?
10110000110110010010
In base 5, what is 213 - 241303122?
-241302404
In base 3, what is 2012220200200010 + -11?
2012220200122222
In base 15, what is a2e75 + 0?
a2e75
In base 3, what is 10110102 - 101022100212?
-101011220110
In base 11, what is 5 + 231a563?
231a568
In base 13, what is 2230 + -458?
1aa5
In base 3, what is 1021 - 2012121100211121?
-2012121100210100
In base 8, what is -1554 + 60040?
56264
In base 11, what is 1080394 + 4?
1080398
In base 13, what is -2 + 23a0b0?
23a0ab
In base 10, what is -199250 + 426?
-198824
In base 13, what is -354 - -12694?
12340
In base 5, what is 2134302 - -342?
2140144
In base 3, what is 11111 + 21120110221?
21120122102
In base 3, what is -11210200022 - 12101?
-11210212200
In base 8, what is -2112674 - -65?
-2112607
In base 6, what is -101541 - -21323?
-40214
In base 12, what is 394 + 6baa?
7382
In base 11, what is a83a3 + 8?
a8400
In base 13, what is -5 + -5585a7?
-5585ac
In base 4, what is 1210101 + -103201?
1100300
In base 15, what is -3ccd - 1cd?
-3eab
In base 4, what is -1113011110100 - -10?
-1113011110030
In base 13, what is -3ab35365 - -1?
-3ab35364
In base 5, what is 30412424 + 32?
30413011
In base 5, what is 2 + -3024244012?
-3024244010
In base 9, what is -114 - -17326?
17212
In base 14, what is -8d - -37696?
37607
In base 15, what is 18ce494 + 5?
18ce499
In base 4, what is 3220331 - 10101222?
-220231
In base 15, what is -4 - -55377?
55373
In base 2, what is 0 + -110101101001110111010001111?
-110101101001110111010001111
In base 2, what is 100010010110 + -11000?
100001111110
In base 14, what is -1d3 - 3830?
-3a23
In base 14, what is -1 - -96935d?
96935c
In base 16, what is -145b6f0 - 0?
-145b6f0
In base 13, what is -3 - 1554521?
-1554524
In base 14, what is 1db9a3 + -105?
1db89c
In base 5, what is 322430031043 - 10?
322430031033
In base 10, what is 1613003123 + -3?
1613003120
In base 2, what is 110 + -1100011000000010010001001?
-1100011000000010010000011
In base 11, what is 67796a - 4?
677966
In base 3, what is -210221222120 - -12?
-210221222101
In base 7, what is -30521440 + -1?
-30521441
In base 12, what is -2 + -3724427?
-3724429
In base 4, what is -1